{"id":79,"date":"2020-12-05T14:06:59","date_gmt":"2020-12-05T14:06:59","guid":{"rendered":"http:\/\/us.abbkoen.com\/?page_id=79"},"modified":"2026-03-30T13:13:28","modified_gmt":"2026-03-30T13:13:28","slug":"termine","status":"publish","type":"page","link":"index.php\/termine","title":{"rendered":"Termine"},"content":{"rendered":"\n<p><strong>Termine&nbsp;&nbsp;&nbsp;&nbsp;&nbsp;&nbsp;<\/strong><\/p>\n\n\n\n<p class=\"has-normal-font-size\"><br><strong>Stadtratssitzungen in Bad K\u00f6nigshofen<\/strong><br>Die Termine werden auf Facebook und Instagram bekannt gegeben.<\/p>\n\n\n\n<p>Eines der herausragendsten Erfolge der AKTIVEN B\u00dcRGER BAD K\u00d6NIGSHOFEN war der seit 2012<br>offene Protest gegen das KAG (Kommunale Abgabengesetz) und die damit verbundene Abzocke<br>bei den Stra\u00dfenausbaugeb\u00fchrenbeitragszahlungen. Dieses Thema nahmen sowohl die Freien W\u00e4hler<br>als auch die CSU auf Landesebene auf.<strong> Die Abzocke wurde beendet&#8230;<br>Das Video <\/strong>&#8211;&gt; <a href=\"https:\/\/www.youtube.com\/watch?v=gcNczaZnsqM\" target=\"_blank\" rel=\"noreferrer noopener\">hier<\/a><\/p>\n\n\n\n<figure class=\"wp-block-image is-resized\"><img decoding=\"async\" src=\"https:\/\/i0.wp.com\/abbkoen.com\/rathaus_koen_abb.jpg?w=525\" alt=\"\" data-recalc-dims=\"1\"\/><figcaption class=\"wp-element-caption\">Foto: Siegmar Unger<\/figcaption><\/figure>\n\n\n\n<p><strong>Bayerische Landtagssitzungen live oder als Aufzeichnung:<br><a rel=\"noreferrer noopener\" href=\"https:\/\/www.bayern.landtag.de\/aktuelles\/sitzungen\/livestreams\/\" target=\"_blank\">https:\/\/www.bayern.landtag.de\/aktuelles\/sitzungen\/livestreams\/<\/a><\/strong>&nbsp;<\/p>\n\n\n\n<p><strong>Bundestagssitzungen live oder als Aufzeichnung:<br><a href=\"http:\/\/www.bundestag.de\/mediathek\" target=\"_blank\" rel=\"noreferrer noopener\">www.bundestag.de\/mediathek<\/a><\/strong><\/p>\n\n\n\n<p><img loading=\"lazy\" decoding=\"async\" alt=\"Foto: Siegmar Unger, B\u00fcrgerrechtler im Auftrag f\u00fcr Recht und Verbraucherschutz\" src=\"https:\/\/i0.wp.com\/abbkoen.com\/reichstag_abb.jpg?resize=525%2C394\" width=\"525\" height=\"394\"  data-recalc-dims=\"1\"><br><em>Foto: Siegmar Unger<\/em><\/p>\n\n\n\n<p><br>Stand: 29.03.2026<\/p>\n\n\n\n<p><\/p>\n","protected":false},"excerpt":{"rendered":"<p>Termine&nbsp;&nbsp;&nbsp;&nbsp;&nbsp;&nbsp; Stadtratssitzungen in Bad K\u00f6nigshofenDie Termine werden auf Facebook und Instagram bekannt gegeben. Eines der herausragendsten Erfolge der AKTIVEN B\u00dcRGER BAD K\u00d6NIGSHOFEN war der seit 2012offene Protest gegen das KAG (Kommunale Abgabengesetz) und die damit verbundene Abzockebei den Stra\u00dfenausbaugeb\u00fchrenbeitragszahlungen. Dieses Thema nahmen sowohl die Freien W\u00e4hlerals auch die CSU auf Landesebene auf. Die Abzocke wurde &hellip; <\/p>\n<p class=\"link-more\"><a href=\"index.php\/termine\" class=\"more-link\"><span class=\"screen-reader-text\">\u201eTermine\u201c <\/span>weiterlesen<\/a><\/p>\n","protected":false},"author":1,"featured_media":784,"parent":0,"menu_order":0,"comment_status":"closed","ping_status":"closed","template":"","meta":{"spay_email":"","footnotes":""},"class_list":["post-79","page","type-page","status-publish","has-post-thumbnail","hentry"],"_links":{"self":[{"href":"index.php\/wp-json\/wp\/v2\/pages\/79","targetHints":{"allow":["GET"]}}],"collection":[{"href":"index.php\/wp-json\/wp\/v2\/pages"}],"about":[{"href":"index.php\/wp-json\/wp\/v2\/types\/page"}],"author":[{"embeddable":true,"href":"index.php\/wp-json\/wp\/v2\/users\/1"}],"replies":[{"embeddable":true,"href":"index.php\/wp-json\/wp\/v2\/comments?post=79"}],"version-history":[{"count":29,"href":"index.php\/wp-json\/wp\/v2\/pages\/79\/revisions"}],"predecessor-version":[{"id":826,"href":"index.php\/wp-json\/wp\/v2\/pages\/79\/revisions\/826"}],"wp:featuredmedia":[{"embeddable":true,"href":"index.php\/wp-json\/wp\/v2\/media\/784"}],"wp:attachment":[{"href":"index.php\/wp-json\/wp\/v2\/media?parent=79"}],"curies":[{"name":"wp","href":"https:\/\/api.w.org\/{rel}","templated":true}]}}